te the greatest common factor of 3883 and 644022731.
3883
Calculate the greatest common factor of 200739 and 38157.
1659
What is the greatest common divisor of 9312 and 97109028?
1164
Calculate the greatest common factor of 4084666 and 111725.
4469
Calculate the greatest common factor of 4743 and 237915.
153
Calculate the greatest common factor of 41769 and 818363.
1547
What is the highest common divisor of 5227271 and 535?
107
Calculate the greatest common factor of 11296 and 5217340.
1412
What is the highest common factor of 116123 and 3564757?
2191
What is the highest common factor of 152274506 and 113?
113
Calculate the highest common divisor of 1800 and 1762488.
72
What is the highest common divisor of 256 and 339432?
8
Calculate the highest common divisor of 280 and 1386000.
280
Calculate the highest common factor of 366190 and 13455818.
6658
Calculate the greatest common factor of 41 and 22588499.
41
Calculate the highest common divisor of 46566 and 377806.
26
What is the greatest common factor of 414052855 and 295?
295
Calculate the highest common divisor of 78 and 268878.
6
Calculate the greatest common divisor of 198152 and 1643.
31
What is the greatest common divisor of 5115602 and 227186?
7834
Calculate the greatest common divisor of 36 and 2245776.
12
Calculate the greatest common factor of 217282 and 631228.
1586
What is the highest common factor of 3570192 and 7212?
12
Calculate the highest common divisor of 5344830 and 315.
45
What is the highest common divisor of 66240 and 1219680?
1440
What is the greatest common divisor of 11209177 and 15372?
427
Calculate the greatest common divisor of 152 and 70289588.
76
What is the highest common divisor of 1236600 and 6300?
900
What is the greatest common divisor of 393895222 and 12642?
4214
Calculate the greatest common factor of 1536249 and 2132.
13
Calculate the greatest common divisor of 1388869594 and 122.
122
What is the highest common divisor of 236992637 and 18284?
4571
Calculate the greatest common divisor of 42 and 524115802.
14
Calculate the highest common factor of 163 and 51167982.
163
Calculate the greatest common divisor of 21933416 and 4796.
436
What is the greatest common divisor of 2126 and 322880935?
1063
What is the highest common divisor of 104 and 39309192?
104
Calculate the greatest common factor of 212191 and 161.
7
Calculate the highest common factor of 4983 and 4919882.
1661
What is the highest common factor of 60394841 and 2405?
481
Calculate the highest common divisor of 588 and 5541.
3
What is the highest common factor of 1485 and 747153?
99
Calculate the highest common factor of 4184 and 18263.
1
What is the greatest common divisor of 864 and 46406304?
864
Calculate the greatest common divisor of 50193 and 10152648.
297
Calculate the highest common factor of 247861660 and 20.
20
What is the greatest common divisor of 99 and 79181388?
99
What is the greatest common divisor of 83214 and 113717358?
3618
What is the greatest common factor of 17 and 155876?
1
What is the highest common divisor of 39608 and 8?
8
Calculate the greatest common divisor of 467189 and 131871.
389
Calculate the greatest common divisor of 2160 and 5198220.
180
What is the highest common factor of 388 and 13964508?
388
Calculate the greatest common divisor of 170535 and 27.
3
What is the greatest common divisor of 3312 and 197023842?
414
What is the greatest common factor of 4094182827 and 9?
9
What is the highest common divisor of 6222050 and 1350?
50
Calculate the highest common factor of 8211206 and 155993.
3319
What is the highest common factor of 350640 and 4718160?
720
What is the greatest common divisor of 16 and 2193784?
8
What is the highest common divisor of 30 and 199095655?
5
What is the highest common divisor of 431317 and 208355857?
14873
What is the greatest common factor of 71389128 and 16?
8
Calculate the highest common factor of 4408 and 1272240.
152
What is the highest common factor of 9794400 and 2226?
2226
Calculate the highest common divisor of 1026 and 1637631.
27
Calculate the greatest common factor of 27 and 3610143.
27
Calculate the greatest common divisor of 130993454 and 44338.
6334
What is the highest common factor of 400 and 58732720?
80
What is the greatest common factor of 24696182 and 70?
14
Calculate the greatest common divisor of 1625 and 49502875.
125
What is the greatest common divisor of 3536825 and 132825?
575
What is the highest common divisor of 1280 and 2383440?
80
What is the greatest common divisor of 24178 and 102292722?
2198
Calculate the greatest common divisor of 398292 and 42.
6
Calculate the highest common factor of 610563211 and 34.
17
Calculate the highest common factor of 1207 and 42551.
17
What is the highest common divisor of 5507981 and 287?
41
What is the highest common factor of 1414 and 1886579?
101
Calculate the highest common factor of 30730181 and 753.
251
Calculate the greatest common factor of 78629870 and 2530.
2530
Calculate the highest common factor of 178 and 75306193.
89
Calculate the highest common factor of 48491514 and 42925.
1717
Calculate the greatest common factor of 6507 and 4778307.
2169
What is the highest common divisor of 20 and 64110980?
20
What is the greatest common factor of 3165 and 3141579?
633
What is the highest common divisor of 6819204 and 35?
7
What is the highest common factor of 4623528 and 657?
219
What is the greatest common divisor of 14 and 13447706?
2
Calculate the greatest common factor of 238545126 and 7308.
522
Calculate the highest common factor of 23 and 81402451.
23
What is the highest common factor of 271720550 and 1420?
710
Calculate the greatest common divisor of 6762 and 88320.
138
Calculate the highest common factor of 2120585 and 10.
5
Calculate the highest common factor of 12851 and 101175.
71
Calculate the greatest common factor of 4951058 and 304.
38
What is the greatest common factor of 4364220 and 266?
14
Calculate the highest common factor of 26781463 and 202.
101
Calculate the greatest common factor of 63865704 and 112.
56
What is the greatest common factor of 434 and 1173200?
14
What is the highest common divisor of 350 and 2296574?
14
Calculate the highest common divisor of 503335 and 16790.
365
What is the highest common divisor of 5264320 and 140?
20
What is the greatest common factor of 13144344 and 48?
24
What is the highest common factor of 90540 and 108?
36
What is the highest common divisor of 15 and 18138535?
5
Calculate the greatest common factor of 13836420 and 3564.
324
What is the greatest common divisor of 10902838 and 46290?
3086
Calculate the greatest common divisor of 1940 and 5880.
20
What is the highest common divisor of 6595509 and 37?
37
Calculate the highest common divisor of 1424161 and 232.
29
Calculate the greatest common factor of 94140 and 35892.
36
Calculate the highest common divisor of 4193976 and 3804.
12
Calculate the greatest common factor of 986720 and 30.
10
What is the highest common divisor of 7366689 and 18?
9
What is the highest common factor of 239132358 and 8607?
453
Calculate the highest common factor of 20949508 and 68.
68
What is the highest common divisor of 211 and 28614343?
211
Calculate the greatest common divisor of 1921 and 2244.
17
What is the greatest common divisor of 43650 and 90489942?
1746
Calculate the highest common divisor of 12617672 and 4112.
2056
What is the highest common divisor of 117594 and 1991592?
2502
Calculate the highest common divisor of 3743100 and 1800.
900
Calculate the greatest common divisor of 17044 and 119.
1
Calculate the highest common divisor of 1936 and 553333.
121
What is the greatest common divisor of 20 and 3138670880?
20
What is the highest common divisor of 488505 and 1740?
435
What is the greatest common divisor of 25011 and 8207181?
3573
What is the highest common factor of 3052337 and 1276?
29
What is the greatest common factor of 203260 and 2970?
10
What is the greatest common factor of 15879228 and 107?
107
What is the highest common factor of 435386 and 13166?
454
Calculate the highest common factor of 4765472 and 288.
32
Calculate the highest common factor of 35712 and 11622024.
2232
What is the greatest common factor of 332424 and 668040?
456
What is the highest common fac